divide s?
True
Let w(v) be the third derivative of -3*v**4/4 - v**3/6 + 2*v**2. Let u be w(2). Let a = u + 73. Is a a multiple of 18?
True
Let m(p) = 3*p - 5. Let b be m(4). Suppose 26 = 9*s - b*s. Is s a multiple of 13?
True
Suppose 4*f = 64 - 16. Let b be (-6)/f*(-2)/1. Let d(n) = 5*n - 1. Is d(b) a multiple of 2?
True
Suppose 3*p + p + y = 0, 0 = 4*y + 16. Let q be (-33)/(-12) + p/4. Suppose -d = -0 - q. Is 3 a factor of d?
True
Let q = 1 - -29. Is 10 a factor of q?
True
Let x(t) = -t**2 + 6*t + 7. Let a be x(7). Let w be a/(2/(-1)) - -2. Let l(v) = 3*v**2 + 2*v - 3. Does 9 divide l(w)?
False
Suppose 0 = -5*r + 4*c + 745, 0*c - 5 = -c. Is r a multiple of 16?
False
Is ((-188)/20)/(1/(-5)) a multiple of 11?
False
Suppose 16*h - 306 = 13*h. Does 21 divide h?
False
Suppose 3*l - 33 = 9. Does 2 divide l?
True
Let g = -5 + 3. Let h(c) be the third derivative of -5*c**4/24 - c**3/6 - c**2. Is h(g) a multiple of 5?
False
Let s(r) = r**3 - r**2 - r - 1. Let u be s(0). Let i = u - -6. Suppose 0 = 2*z + 5*k - 121, 5*z - 2*z + i*k - 169 = 0. Does 17 divide z?
False
Let h(t) = t - 6. Let z be h(6). Suppose z = -5*d + 3*i - 7, 4*i - 15 = 2*d - 1. Does 14 divide (14/(-5))/(d/(-5))?
True
Let s be (-2)/(-7) + 54/7. Suppose -2*k + 32 = s. Is 5 a factor of k?
False
Let j(n) = 13*n**2 - 13*n - 8. Let v(h) = 3*h**2 - 3*h - 2. Let q(k) = 2*j(k) - 9*v(k). Let a be q(3). Let u = 8 - a. Is u a multiple of 12?
True
Let d = 135 - 65. Suppose g - 100 = -3*g - 5*o, -3*g - 5*o + d = 0. Is 10 a factor of g?
True
Suppose 4 = 4*k, 2*r + 4*k = 3*r. Suppose -x - x + 3*q = 8, 10 = -3*x + r*q. Does 6 divide 38/x + (-1 - 2)?
False
Suppose 7*u - 31 = 998. Is 19 a factor of u?
False
Let k(z) be the first derivative of -2*z**4 - 3*z**3 - 3*z**2/2 + 1. Let h(n) = 7*n**3 + 8*n**2 + 3*n. Let a(x) = -7*h(x) - 6*k(x). Does 18 divide a(-3)?
True
Suppose -3*r = -3 + 12. Is (-12 - (-9)/3)*r a multiple of 9?
True
Does 28 divide 28 + (1 - 1) - 0?
True
Suppose 0 = -0*t - 2*t - 48. Let x = t - -38. Does 5 divide x?
False
Let i be 2 + 0 + 3*1. Suppose -2*m + 3*b + 15 = -26, 0 = i*b + 25. Does 11 divide m - (2/(-2) + 3)?
True
Suppose -11 = 2*g + 11. Let k = 21 + g. Suppose 2*m - 6 - k = 0. Is 3 a factor of m?
False
Suppose -4*k + 13 - 85 = 0. Let c = k + 35. Suppose -27 = -4*y + c. Is y a multiple of 5?
False
Suppose -138 - 42 = -4*i. Is i a multiple of 15?
True
Let s(j) = j**3 - 2*j**2 + 2*j + 2. Let y be s(2). Suppose 0 = 2*r - y*r + 16. Suppose r*t = -3*z + 3, 3*t + 2 + 7 = 0. Is 2 a factor of z?
False
Let j(h) = h**3 + h + 27. Suppose 0 = 2*c - 12 + 2. Suppose 2*i = -2*n - 0*n - 4, 8 = -c*n - 4*i. Is j(n) a multiple of 16?
False
Suppose 0*y - 2*y + 4 = 0. Suppose -5*a = -2*b + 41, -b + y*b + 3*a = 15. Let p = b + -8. Is 10 a factor of p?
True
Let l(o) = 16*o - 1. Let y(f) = f + 4. Let j be y(-3). Does 15 divide l(j)?
True
Suppose 9*l - 511 = 2*l. Is l a multiple of 15?
False
Suppose -4*s + 10 = 5*i, 0 = s - 0*i - 4*i - 13. Suppose 2*b = -5*p + 169, -5*b = -p + 5*p - 448. Suppose s*r - b - 63 = 0. Is 12 a factor of r?
False
Suppose 0 = -2*s + l + 116 - 19, 0 = -5*s + 4*l + 238. Suppose -6*x = -x + s. Is 14 a factor of 5/(x/(-4)) + 18?
False
Let u be ((-8)/(-10))/(4/120). Suppose 0*k - u = -k. Is k a multiple of 8?
True
Let u = 120 - 69. Does 18 divide u?
False
Suppose 4*w + 314 = 2*i, i - 317 = 4*w - 0*i. Let c = w + 119. Does 13 divide c?
True
Let g be 6/(1/2 - -1). Suppose -2*v = -4*l, -g*v + 3 + 2 = -3*l. Does 8 divide 1/(-2)*v - -19?
False
Let v = 143 + -54. Does 37 divide v?
False
Let z be 6 + -1 - (-1 - -1). Suppose 2*f - z*f = -48. Does 10 divide f?
False
Suppose c - 5*c + 72 = 0. Is 5 a factor of c?
False
Suppose -5*q - 5*d = -2*q - 363, 5*q - 618 = -4*d. Is 18 a factor of q?
True
Let n(v) = 6*v**2 + 4*v - 6. Is n(3) a multiple of 10?
True
Suppose w = -4*b + 416 + 203, 2*b - 337 = 5*w. Is 14 a factor of b?
False
Let f(v) = -2*v + 4. Let a be f(-5). Let w = a + -6. Suppose -25 = -i - w. Does 15 divide i?
False
Let h(n) = -n + 7. Let p be h(0). Let x = 11 - p. Suppose 3*o - x*f = 62, -2*o + 33 = -4*f + 3*f. Is 7 a factor of o?
True
Suppose 0 = -3*a + 35 + 19. Is a a multiple of 8?
False
Suppose 0*u = -5*u + 705. Does 18 divide u?
False
Let p be (1 + -1)/(-2)*-1. Suppose -3*x + 0 + 27 = p. Is 6 a factor of x/(3/3) + -3?
True
Let o(r) = 34*r + 9. Let t be o(7). Suppose t = 5*i + 62. Does 23 divide i?
False
Suppose -13 = p - 4*v, 2*p - 5*v + 16 = p. Is 8 a factor of 8 + -1 - (0 + p)?
True
Let a be (-26)/(-10) - (-8)/20. Suppose -83 = -3*s - 2*i + 20, 2*s + a*i - 67 = 0. Is 12 a factor of s?
False
Suppose 4*t + 5*g = 1817 - 304, 3*t + 3*g - 1137 = 0. Does 24 divide t?
False
Suppose -3*j - 9 = -3*k + 4*k, 5*k = 5*j + 15. Suppose 5*y - 34 - 6 = k. Is y a multiple of 5?
False
Suppose 0*g + 32 = 2*g. Does 3 divide g?
False
Let o be (0 + 24)*(-1)/(-2). Let y = o - -5. Does 9 divide y?
False
Suppose 2*t - 4 = 0, 3*m = -2*m + 2*t + 621. Is m a multiple of 35?
False
Let o(u) = -4 + u - u**3 - 2*u**3 + 2*u**3 - 6*u**2. Let c(f) = -6*f**3 - 2*f**2 + f. Let s be c(1). Is 19 a factor of o(s)?
True
Suppose l - 1 = -4*a, 0*l - 4*a - 5 = -5*l. Let n = 45 + l. Does 23 divide n?
True
Let q(o) = -2*o**3 + 31*o**2 - 8*o + 2. Is 20 a factor of q(15)?
False
Let u(t) = t**3 + 2*t**2 - 4*t - 3. Let n be u(-3). Let k = n + 27. Is k a multiple of 9?
True
Does 5 divide 3/(-6)*(-4 + -22)?
False
Let c(g) = 11*g + 2. Let z(t) = -23*t - 4. Let l(f) = 13*c(f) + 6*z(f). Is 4 a factor of l(2)?
True
Let y = 56 + -28. Suppose -y = -l - 7. Does 5 divide l?
False
Suppose 3*p = -0*p + 15. Suppose -17 = -3*x - 5*m, 0 = 5*x - p*m - 43 - 12. Does 7 divide x?
False
Let i be ((-3)/4)/(2/(-16)). Let h = -14 + i. Let t = 24 + h. Is t a multiple of 10?
False
Let y = 91 - 44. Suppose i + 2*i = -a + y, 0 = 4*a + 2*i - 138. Is a a multiple of 32?
True
Let o(v) = 4*v**2 - 2*v + 4. Does 10 divide o(4)?
True
Suppose 0 = 8*g - 4*g - 56. Is 14 a factor of g?
True
Suppose 0 = -2*y + 5*w + 40, -3*y + 35 + 7 = -3*w. Is y a multiple of 5?
True
Let w be 3/(2*(-1)/10). Let j be (-3)/(-9)*-1*w. Suppose 0 = j*p - 2*f - 35, -3*f - 14 = -4*p + 7. Does 4 divide p?
False
Suppose -11 = -5*h + 4. Let f be (1 + (h - -3))*1. Suppose 2*a + f*p = 2*p + 22, -3*a = -4*p - 56. Is a a multiple of 7?
False
Let a(t) = -2*t + 3. Let d be a(0). Suppose d*j - 56 = 46. Is j a multiple of 12?
False
Suppose 0 = -0*x - 4*x - 3*l + 39, -5*x - 4*l = -49. Suppose 9 = g - x. Suppose i = 2*i - g. Is 7 a factor of i?
False
Let r = 0 + 0. Suppose -5*x - 10 = 5*d, 3 = 2*x + 5. Is 10 a factor of (-21 - r)*1*d?
False
Let b = 3 - 4. Let h = b - -2. Is (4/h - 2) + 3 a multiple of 5?
True
Let w = -129 - -196. Is w a multiple of 11?
False
Let g(m) = -m**3 + 11*m**2 - 7*m + 8. Is g(10) a multiple of 14?
False
Let x(a) = a**3 - 6*a**2 + 4*a - 1. Let w be x(5). Let g = w - -14. Does 8 divide g?
True
Let n(i) = -14*i + 1. Let l be n(-1). Let x = l + -10. Suppose -3*s = u - 10, x*u - 37 = 3*s - 5*s. Is u a multiple of 7?
True
Let d(b) = b**2 + 2*b + 1. Let n be d(-2). Let v = n - -2. Suppose 7*q = v*q + 48. Is q a multiple of 6?
True
Is 11 a factor of (252/(-27))/(2/(-24))?
False
Suppose p = -4*s + 100, 0 = -4*p + 2*p + 3*s + 255. Is 40 a factor of p?
True
Does 21 divide (0 + -1)*(1 + -22)?
True
Suppose -3*u = -d - 605, 3*u - 321 - 259 = -4*d. Does 25 divide u?
True
Suppose -6*b - o + 4 = -3*b, 8 = -4*o. Suppose 0 = 2*s + b - 10. Is 4 a factor of s?
True
Suppose 2*v = 3*v + 4, -73 = 5*i - 3*v. Let k = i - -35. Suppose 2*x - 2*l - k = 0, l + 12 = 2*x - 3*l. Does 11 divide x?
False
Suppose 5*b + 18 = 2*b. Suppose -3 = -3*q, -2*r - 2*q - 7 = -7*q. Does 6 divide r*18*2/b?
True
Let v(y) = y + 2. Let f be v(2). Suppose -3*n + 96 = -4*l, f*n = 3*n - 2*l + 42. Let r = n + -18. Does 5 divide r?
False
Suppose 7 = u - 5*q, -2*u + 7*q + 32 = 3*q. Is 4 a factor of u?
False
Suppose -4*o = o - 5*a - 145, 0 = -4*o - 2*a + 92. Is 4 a factor of ((-20)/o)/(1/(-5))?
True
Let r(k) = -2*k**2 + 5*k + 3. Let b be r(5). Let d = 42 + b. Does 10 divide d?
True
Let r(x) = -x**2 + 10*x. Let w be r(8). Suppose -5*q + 2*l + 72 = 0, 2*q = -l + 20 + w. Does 16 divide q?
True
Suppose -5*n = 3*z + 29, -2*z = -n - 3*n - 10. Let g = n + 34. Does 10 divide g?
True
Let b = -6 + 9. Let m = b + 27. Is m a multiple of 15?
True
